. Let t(j) = -j**2 - 4*j - 8. Let p be t(-4). Is i(p) prime?
False
Let g = -196 + -346. Is g/(-26) - (-2)/13 composite?
True
Let j(b) = 2*b - 5. Let n be j(4). Suppose 8*w - 1525 = n*w. Is w a prime number?
False
Let x = -897 + 2282. Is x a composite number?
True
Let d be -5 - -1 - -1*5. Let m(q) = 530*q - 3. Is m(d) a prime number?
False
Suppose 7*x - 5*x = 3418. Suppose -3*r + 1054 = -x. Is r composite?
True
Let g = -6 + 8. Suppose 2*m - 4*w - 18 = -0*m, -g*m - 3*w + 25 = 0. Is m prime?
True
Is 3 - (8/2 + -54) a composite number?
False
Suppose 2*p - 90 = 2*x, 2*p + 3*x + 6 = 96. Is 1/(-3)*1 - (-34620)/p a composite number?
False
Is (-1593410)/(-60) + (-7)/(-42) a composite number?
False
Let t be (-2 - 44)*(-1)/1. Suppose -5*j = -2 - 8, 5*j - t = -4*u. Let y = 5 + u. Is y prime?
False
Suppose l - 2*w - 20948 = 10431, -l - 5*w = -31379. Is l a prime number?
True
Let a(d) = d**2 + 2*d - 5. Let r be a(-4). Suppose 0 = -5*k - r*h + 9328, -5*k = -4*k - 2*h - 1863. Is k a composite number?
True
Suppose -5*x = -5*i + 3*i - 72551, 0 = 4*x + 3*i - 58027. Is x a prime number?
False
Let w = 27197 - 19408. Is w prime?
True
Let t(u) = 5558*u - 11. Is t(2) prime?
False
Suppose -5*w = -13*w + 260216. Is w a prime number?
False
Let n be ((-6)/(-10))/(((-9)/(-15))/(-3)). Is (24178/(-21))/(2/n) a prime number?
False
Let b(g) be the second derivative of 7*g**4/12 - g**3/6 + g**2/2 + 2*g. Let i be b(1). Suppose 2*t = i*t - 1285. Is t composite?
False
Let v = 44 - -7. Let a be (15742/v)/(2/(-3)). Let n = a + 932. Is n a composite number?
True
Let a = -135 + 319. Suppose a = 3*i - 440. Let n = i - 143. Is n a prime number?
False
Suppose -2*l + l + 3*a = -4397, 3*l - a = 13223. Is l prime?
True
Let l(j) = -j + 8. Let o be l(4). Suppose 0 = 2*y + 3*q - 1225, -y = o*y - 4*q - 3074. Suppose y - 251 = 3*c. Is c composite?
True
Let b = -1021 - -669. Let v = 1217 + b. Is v prime?
False
Let x be 4/6*(4 + 2). Suppose 0 = 4*c + 2*j + 56, j + 56 = -3*c - x*j. Is 136/c*15/(-2) prime?
False
Suppose 12 = 40*s - 34*s. Suppose -2*u = -3*f - 0*f + 1763, -3*u + 2328 = 4*f. Suppose -f = -5*l + 5*d, 233 = s*l - 5*d + 2*d. Is l a prime number?
False
Suppose 0*g - 16 = 4*j - 4*g, 5*j + 2*g = 8. Suppose 2*m - m - 2 = j. Suppose -m*v = 4*x - 498, -2*x = 3*v + 49 - 288. Is x a prime number?
True
Let b(r) = 25*r**2 + 2*r - 24. Let i = -14 + 12. Let q(k) = 8*k**2 + k - 8. Let v(p) = i*b(p) + 7*q(p). Is v(-5) a composite number?
False
Suppose 5*b + 4*u - 5880 = b, -b + 4*u + 1455 = 0. Suppose 0 = 7*p - 6*p - 4*q - b, 3*p - 4409 = 4*q. Is p prime?
True
Suppose 3*m + 22 = -4*f, 5*f + 0*m - 3*m = -41. Let k(t) = 1. Let l(p) = -16*p + 5. Let g(v) = 4*k(v) + l(v). Is g(f) composite?
True
Let t = 2507 - 322. Suppose -4*z + t = z. Is z prime?
False
Let w = -8 - -12. Suppose -4*b - 4*k + 24 = 0, 5*k = b + b - 12. Suppose 50 + b = w*a. Is a a composite number?
True
Let r = -5314 - -8861. Suppose -4*a + 3540 = -7*s + 3*s, 0 = 4*a + 3*s - r. Is a/(-4)*(-4)/2 composite?
False
Let a = 698 - -815. Is a composite?
True
Suppose -7 - 5 = 4*q. Let b(a) = -3*a**3 + 0*a**3 + 5*a + 5 - a**3 - a**2 - 2. Is b(q) a composite number?
True
Let x(w) = w**3 - 6*w**2 - 8*w + 10. Let m be x(7). Suppose 0 = j + m*j - 8. Suppose 0 = j*l, -5*y - 5*l + 10745 = -0*l. Is y a prime number?
False
Is (42650/(-10))/(-1*(4 + -3)) composite?
True
Suppose 7*a - 870 - 1531 = 0. Suppose -2195 = -3*i + 2*c, 0 = -4*i - 3*c + a + 2595. Is i a prime number?
True
Let y be 12/9*6/4. Let x = -2 + y. Suppose 2*r + 220 - 576 = x. Is r composite?
True
Suppose -16 = -3*d - 46. Let s = d - -12. Suppose -o = -2*b + 506, s*o - 170 = -3*b + 596. Is b a composite number?
True
Let t(d) = -d**2 - 1. Let j(l) = 716*l**2 + 2*l + 7. Let f(r) = j(r) + 6*t(r). Is f(-1) composite?
False
Let l(v) be the third derivative of v**6/120 + v**5/20 - v**4/12 - 2*v**3/3 + 14*v**2. Is l(-3) composite?
False
Let a(y) = 5*y**2 - 3. Let i(c) be the third derivative of c**5/4 - c**4/24 - 3*c**3/2 - 6*c**2. Let p(q) = -8*a(q) + 3*i(q). Is p(4) composite?
True
Suppose 11*j - 7*j - 28780 = 0. Suppose -5*x + j = -0*x. Is x a prime number?
True
Is 11417 + 6/(-6) + -5 a composite number?
False
Suppose -z + 18 = -6*r + 2*r, 0 = -3*r - 12. Suppose 4*t - 15 - 5 = 0, 0 = 2*g - z*t - 1532. Suppose 4*n = n + g. Is n a prime number?
True
Let t(c) be the second derivative of 4*c**3/3 - 33*c**2/2 + 2*c. Is t(10) a composite number?
False
Is 1/2 - 2807497/(-266) composite?
True
Suppose 5*y - 57010 = x, 4*y - 45599 = -0*y - x. Is y a prime number?
False
Let z be ((-168)/(-15))/(4/10). Suppose 0 = 2*l + 1 - 133. Let b = l - z. Is b prime?
False
Suppose -5*v + 17 + 13 = -f, -4*v + 2*f = -30. Let y = 7 - v. Is ((-61)/y)/((-3)/42) a composite number?
True
Let t(h) = -312*h + 1. Is t(-11) a prime number?
True
Suppose 27*c = 33*c. Let g(j) = 0*j**3 - j**3 + 6 + 1. Is g(c) a composite number?
False
Let c(m) be the second derivative of 107*m**7/2520 - m**6/120 + m**5/24 - 11*m**4/12 + 3*m. Let p(j) be the third derivative of c(j). Is p(4) a prime number?
True
Let k(w) = 2*w + 7. Let r be k(-5). Let t be 3 - 128/(r + 5). Let b = t - -119. Is b a prime number?
False
Let k(c) be the second derivative of -3*c**3/2 - 3*c**2 - 3*c. Let i(z) = -2*z + 9. Let y be i(6). Is k(y) composite?
True
Let r(u) = 507*u - 2. Let w be r(3). Suppose -365 = 2*g + 5*b - w, 4*b = 3*g - 1777. Suppose 2*n = 3*s - 595, 3*s + 3*n = 7*n + g. Is s prime?
False
Let h(m) = 14*m + 11 - 4*m**3 + m**3 + 6*m**2 - 17*m**2 + 2*m**3. Is h(-13) prime?
True
Let m(q) = -q**2 + 4*q + 4. Let j be m(4). Suppose 2*c - 3*c + j*y = 16, y = -4*c + 21. Suppose -c*h + 735 = -5*n, -5*h + 504 = -4*n - 417. Is h prime?
False
Let z(r) = 2*r - 12. Let t = 6 + 2. Let x be z(t). Suppose 0 = x*m - s - 1988, 3*m - 2*m - 3*s = 497. Is m composite?
True
Let i(m) = -m**2 + 17*m - 5. Is i(14) a prime number?
True
Let x(z) = z**2 - 12*z - 2. Let o(c) = -c**3 + 9*c**2 + c - 11. Let s be o(9). Let r = s + 16. Is x(r) a composite number?
True
Suppose 3*d = 5*d - 10418. Is d a composite number?
False
Let b = -1721 - -2640. Is b a composite number?
False
Let g = -6048 - -19799. Is g a composite number?
False
Let r(h) be the third derivative of 49*h**4/12 - 10*h**3/3 - 9*h**2. Let d be r(15). Suppose -5*s + s + 2*y = -d, 5*s + 4*y = 1806. Is s composite?
True
Suppose -4*d = -5*r - 136071, 27*r = 25*r + 2. Is d a composite number?
False
Let q(s) = s**3 + 5*s**2 + 5*s. Let l be (1 + 1)*(-8)/4. Let g be q(l). Let u = 21 - g. Is u prime?
False
Suppose 7*q + 3804 = q. Is q/(-3)*30/20 prime?
True
Is (-14 - -16 - 3)*(-9020 - -1) prime?
False
Suppose 0*j + 4*j = 5*q - 918, 726 = 4*q + j. Let k = q + 57. Is k prime?
True
Suppose 3*n = 14 + 4. Suppose -4*c + n*c - 1378 = 0. Is c composite?
True
Let v(y) = 14*y**3 + 2*y**2 - 5*y + 3. Is v(1) prime?
False
Suppose 0 = -4*j - 4*w + 2472, 0 = -5*w - 0 + 25. Is j composite?
False
Suppose 0 = -3*z - 14*z + 141661. Is z a prime number?
False
Let g(l) = -8 - 11 + 20 - 551*l. Is g(-16) a prime number?
False
Let k be 1/(-1) - (-7 + 4). Suppose -p = -5*o - 244, o = -p + k*o + 252. Suppose 4*s = 2*x + 842, 2*s - 171 = -3*x + p. Is s a prime number?
True
Suppose 0*n - 3*n - 16 = -p, 3*p - 4*n = 28. Let m = 24 - 19. Suppose -m*q - 202 = -2*h, q + 380 = p*h - 3*q. Is h composite?
True
Let i be ((-120)/9)/((-7)/273). Let j = i - 143. Is j prime?
False
Let c(t) = 365*t - 33. Let h(w) = 183*w - 17. Let l(j) = -6*c(j) + 11*h(j). Is l(-6) a composite number?
True
Let n be (-2)/(-3 + 236/76). Let k = n + 24. Suppose x - 8 = 3*x, -3*f - k*x = -415. Is f prime?
False
Suppose 2*c - 5*c = -2*i + 19, -4*c = -i + 27. Let j(x) = x**3 + 6*x**2 - 9*x. Let r be j(c). Is ((-581)/r)/((-2)/4) composite?
False
Let m(x) = -19*x**3 + 7*x**2 - 4*x + 5. Is m(-6) a composite number?
True
Suppose 18 = 3*q + 12. Let z = 2 + q. Suppose 2*u = 5*p - 0*p - 427, -z*p + 344 = -4*u. Is p composite?
True
Let s be (33/9)/(1/18). Suppose 0 = y - 815 + s. Is y a composite number?
True
Let n = 57372 - 39077. Is n a prime number?
False
Let g be -4*(-7 + (4 - -2)). Suppose 2*z - 345 = -3*t + 2*t, 3*t + 183 = z. Suppose -3*c = -g*h - z, 4*h + 116 = 2*c + h. Is c a prime number?
False
Let u be ((-2)/3)/2 - (-148)/12. Is ((-3639)/12)/(1*(-3)/u) composite?
False
Suppose -4*u - 8 = 